 be m/s*(-63)/(-6). What is the greatest common factor of w and 4?
4
Suppose 4*m = -m. Suppose 0 = 4*c - m*c - 36. Suppose 2*v + 3*o - c = 0, -3*o - o = 3*v - 13. Calculate the highest common divisor of v and 27.
3
Suppose -3*z = z + 4, -n + 3*z + 95 = 0. Calculate the highest common divisor of n and 69.
23
Suppose -1 = -2*f + 7. Suppose 0*q + 32 = f*q. Let u(c) = 2*c**2 - 7*c + 1. Let z be u(5). Calculate the highest common factor of z and q.
8
Let c(x) = -2*x**3 - 5*x**2 + 2*x. Let a be c(-4). Let d = a - -23. What is the greatest common factor of 7 and d?
7
Suppose -11*p + 14*p = 144. Suppose 2*b = 2*v + 244, -3*v = -8*v - 10. Calculate the greatest common factor of b and p.
24
Let x be 7 + 1/(-1)*-2 + -2. Calculate the greatest common divisor of x and 49.
7
Let c(v) be the first derivative of -v**3/3 - 7*v**2/2 - 2*v - 1. Let u be c(-4). Let n = -167 - -277. Calculate the highest common factor of n and u.
10
Let m = 175 + -95. What is the greatest common factor of m and 32?
16
Let c = 142 - 40. Calculate the greatest common divisor of 34 and c.
34
Suppose 134 = 2*o + 30. Calculate the greatest common factor of o and 13.
13
Let x(v) = -v + 5. Let j be x(5). Suppose j = 4*z - 32 - 52. Calculate the highest common factor of z and 105.
21
Let n be (0 + -4)*(-108)/16. Suppose -2*f + n = f. Calculate the highest common divisor of 9 and f.
9
Let s(m) = m + 9. Let x be s(-8). Calculate the highest common divisor of 8 and x.
1
Let p(s) = s**2 + 5*s - 1. Let g be p(-6). Let l be g + (0 - 1) + -2. Calculate the greatest common divisor of l and 20.
2
Let n be ((-2)/(-4))/((-5)/(-170)). Suppose 3*o + 3 = 12. Let l be (1 - 71/o)*-3. Calculate the greatest common factor of n and l.
17
Suppose 28 = 4*r - 44. Suppose 4*q + 5*t = 33, 0*q + 21 = -2*q + 5*t. Calculate the greatest common divisor of r and q.
2
Let r(k) be the first derivative of -k**3/3 + 8*k**2 - 13*k - 14. Let t be r(15). Let f be -1 - 0 - -2 - -21. What is the greatest common factor of t and f?
2
Let f = -16 + 31. Suppose 2*j + q - 65 + 5 = 0, j - 30 = 2*q. What is the highest common factor of f and j?
15
Suppose -m - 2*s + 142 = 2*s, -5*s = 2*m - 299. Suppose -2*l - l = -m. What is the highest common factor of l and 135?
27
Let r = -3 - -5. Suppose 5*c + 7*z = 2*z + 60, 3*z = -6. Calculate the highest common divisor of r and c.
2
Let g be (-326)/(-22) - -3*(-4)/(-66). Calculate the greatest common divisor of 75 and g.
15
Let c(r) = 4*r + 1. Let k be c(2). Let a(f) = 2*f + 0 + k - f. Let p be a(0). What is the greatest common factor of p and 81?
9
Let u be (33 + 1)/(5 - 4). What is the highest common divisor of u and 85?
17
Let m(a) = a**3 + 6*a**2 - 3*a - 12. Let s be m(-6). What is the greatest common divisor of 2 and s?
2
Let a(t) = -t**2 + 12*t - 6. Let h be a(12). Let x be ((-78)/(-4))/(h/8). Let q = x + 166. Calculate the greatest common factor of q and 20.
20
Suppose 0 = -5*j + 2*j. Let g be j - (15 + -2) - 2. Let b = g + 35. What is the highest common factor of b and 8?
4
Suppose -4*c = -2*t - 12, -3*t + 4*c = 14 + 12. Let u = -8 - t. Let x = 13 - u. Calculate the greatest common factor of x and 49.
7
Let o(k) = k + 15. Suppose -7 + 21 = -2*p. Let d be o(p). Calculate the highest common factor of d and 40.
8
Suppose 17 = 27*d - 26*d. Calculate the greatest common divisor of d and 153.
17
Suppose 0 = 4*w - 4*x + 46 - 174, 0 = -3*w - 3*x + 84. Let l = 19 - -1. What is the greatest common divisor of l and w?
10
Suppose 0 = -0*w - 4*w + 80. Let c be (-60)/(-18) - 4/(-6). Calculate the highest common divisor of w and c.
4
Let u be ((-72)/(-15))/((-4)/(-90)). Let m be ((-4)/(-6))/(4/(-78)). Let y = m + 25. Calculate the highest common divisor of u and y.
12
Let f be (-2262)/(-22) + (-4)/(-22). Let y = 158 - f. What is the highest common divisor of 5 and y?
5
Let u be (-5 - -4)*(-10 - -3). Suppose 0 = -2*o + 5*o - 6. Suppose u = 3*v - o*v. Calculate the highest common divisor of 1 and v.
1
Let v be (15/10)/(6/40). What is the greatest common divisor of v and 50?
10
Let m be (-10)/(-4)*1024/160. What is the greatest common divisor of 144 and m?
16
Let m(p) = -p + 6. Let r be m(6). Let x = 5 - r. What is the highest common factor of x and 35?
5
Let z = 5 + 1. What is the greatest common factor of 42 and z?
6
Let n = -98 + 113. Calculate the greatest common factor of 5 and n.
5
Let g = -20 - -40. Let h be (61 - 2) + -2 - -3. Calculate the greatest common factor of h and g.
20
Let x be ((-3)/6)/((-2)/396). Suppose -2*k - 10 = -k. Let s be (5/k)/((-1)/18). What is the greatest common divisor of s and x?
9
Suppose c = -3*c - 5*y + 373, -20 = -4*y. Calculate the highest common factor of 145 and c.
29
Let s = -64 + 107. What is the greatest common divisor of 172 and s?
43
Let p(t) = t**3 + 2*t**2 + 2*t + 4. Let b be p(3). Suppose -l + 145 + b = 4*a, 2*l - 8 = 0. Calculate the highest common factor of a and 7.
7
Let k be 5 + (-34)/8 + 186/8. Suppose 0 = 5*y + 7 + 3. Let r be 13 + (0 - -1) + y. Calculate the greatest common factor of r and k.
12
Suppose -3*f = -f - 22. Suppose -8*p - 5 = -13. Calculate the highest common factor of p and f.
1
Suppose 4*d - 38 = -5*i + 14, 9 = 3*d. Let p(w) = -11 + 0*w**3 + w - 8*w**2 + 2*w + w**3. Let h be p(i). Calculate the highest common divisor of 117 and h.
13
Suppose 3*p - 6*p - 24 = 2*n, -4*p = -2*n + 18. Let q(s) = s + 11. Let d be q(p). What is the highest common divisor of d and 10?
5
Suppose 4*o - 6 = 3*x - 0, -2*o = -6. Suppose -y - x*y + 90 = 0. What is the highest common factor of y and 15?
15
Suppose 0 = -4*z + 2*p + 130, 3*p - 18 = -4*z + 117. Calculate the highest common factor of z and 231.
33
Suppose 0 = -2*q - 5*w + 407, 2*q = -3*q - 3*w + 1065. What is the greatest common factor of q and 27?
27
Let l = 75 + -29. Calculate the greatest common factor of l and 69.
23
Let b be (-12)/(-7*2/2)*14. What is the highest common factor of b and 192?
24
Let n(v) be the first derivative of v**3/3 - 2*v**2 - 5*v - 1. Let k be n(6). Let i be 243/k + 2/7. Calculate the greatest common factor of i and 7.
7
Let g(c) = -16*c - 12. Let p be g(-3). What is the highest common factor of 54 and p?
18
Let p be 10 - ((-12)/(-4) + 0). What is the highest common divisor of p and 7?
7
Let o be (5/(-10))/(1/(-18)). Let x(z) = -z + 6. Suppose 0*y - 3 = -y. Let t be x(y). What is the highest common factor of t and o?
3
Suppose v + 3*q - 13 = 0, 113 = 5*v + q - 2*q. Suppose 74 = 2*u - 4*m, u + m - v = -0*u. Calculate the highest common divisor of u and 18.
9
Let y = -40 - -29. Let q = 16 + y. Suppose -3*m + 8*m - 115 = -3*l, q*l = -5*m + 205. What is the greatest common divisor of 15 and l?
15
Suppose -3*l + t + 88 = 0, 0*l - 4*t - 82 = -3*l. What is the highest common factor of 20 and l?
10
Suppose v = 4*v. Let b = 16 + v. Calculate the highest common factor of 176 and b.
16
Let w(z) = 2*z**2 + z. Let n be w(1). Let o be ((-28)/n)/(8/(-12)). What is the greatest common divisor of 70 and o?
14
Let j = -9 + 11. Suppose j*f - 8 = 0, f = 4*u - 14 - 14. What is the greatest common factor of 64 and u?
8
Let u be 2/8 + 142/8. Suppose 3*a - 3*s - 51 = 0, -4*a + 0*a - 5*s = -77. What is the greatest common factor of a and u?
18
Let l be -7 - 4 - (1 + -4). Let o = 24 + l. Calculate the highest common factor of 48 and o.
16
Suppose -t = 13*t - 3080. Calculate the greatest common factor of 20 and t.
20
Let n be 18/4 - 6/12. Let r(v) = 3*v**2 + 5*v + 2. Let g be r(n). Calculate the greatest common factor of 28 and g.
14
Let q be 8/2 - 10/5. Let s(w) = -w**3 + 8*w**2 + 2*w - 8. Let g be s(8). Let x = 9 - g. Calculate the greatest common divisor of q and x.
1
Suppose 8*y = 3*y + 75. What is the greatest common factor of 10 and y?
5
Suppose 0 = -3*z + 2*v + 61, 3*v + 27 = z + v. Let x(l) = -l + 2. Let w be x(-3). Suppose -w*j + 272 = -3*j. Calculate the highest common factor of j and z.
17
Suppose 4*w - 2*q - 162 = -0*w, -2*w - 4*q + 96 = 0. Calculate the greatest common divisor of 21 and w.
21
Suppose 24 = 4*b + 80. Let q = b - -23. Calculate the highest common factor of 3 and q.
3
Suppose 3*h + 2*v - 15 + 1 = 0, -2*h + 16 = -2*v. What is the highest common factor of h and 4?
2
Let o = 3 - -2. Let h be 1*6*19/2. Suppose -5*d + o*a = -65, -5*a - 14 = d - h. What is the greatest common fac